at is the highest common factor of 20 and h?
20
Suppose 50 + 35 = -c - 3*g, -4*c - 2*g = 370. Let o = c - -172. Let a = -72 + o. What is the greatest common factor of 42 and a?
6
Let b = 532 - -2009. What is the highest common divisor of 21 and b?
21
Suppose 0 = -2*d + 2*x - 2, -23 = -2*d + 3*d - 3*x. Let z be 1/1 + (3 - -2). Calculate the greatest common factor of z and d.
2
Let t(h) = -h + 2. Let c be t(-4). Let n be (-24)/(-2 + 6) + 60. Suppose -14*a + 17*a = n. What is the greatest common divisor of c and a?
6
Let r be (-17 + 16)*(-3968)/4. Calculate the highest common factor of 155 and r.
31
Let v = -3534 + 4083. What is the highest common divisor of v and 1281?
183
Let x(d) = d**3 + 12*d**2 - 17*d + 3. Let b be x(-13). Let o be (3 - (-5)/(-3))*45/(-6). Let h be (-31 - 2)*o/15. What is the highest common factor of h and b?
11
Let s = -10521 + 10526. What is the highest common factor of 990 and s?
5
Let v be (0 - -9)*(-60)/(-9). Suppose 120 - 3 = 3*t. Suppose -2*s = -3*j + t, 5*j = -0*j - 5*s + 90. Calculate the highest common divisor of j and v.
15
Let o be (98/(-6) - -3)*3. Let l be 6786/10 + (-16)/o. Suppose 4*k = l + 81. What is the highest common divisor of 19 and k?
19
Suppose -21 = 3*i - 0*g - 4*g, g = -3*i - 6. Let f be 10/i*84/(-7). What is the greatest common divisor of 20 and f?
20
Let p(r) = r**2 + 18*r - 106. Let y be p(5). Suppose 6*w = y + 999. Calculate the greatest common factor of 12 and w.
12
Let j be (-12)/(-2 + 16/10). Let a be (-5)/j*0 - -40. What is the greatest common factor of a and 50?
10
Let v be (-4)/16 - (1 + 259/(-28)). Calculate the highest common factor of v and 3092.
4
Let n(m) = -6*m + 60. Let r be n(14). Let u = r - -46. Suppose -2*g + 154 = u. What is the greatest common factor of g and 6?
6
Suppose 4*c + 3*k = 132, 4*k - 47 = -3*c + 59. Let p = 19 - 13. Calculate the highest common divisor of c and p.
6
Let c be ((0 - 1) + 91/65)*65. Suppose c*i = 106 + 102. Calculate the greatest common factor of 3 and i.
1
Let y(d) = -180*d - 868. Let w be y(-5). Suppose 5*f + 3*c - 127 = -30, 3*f - 59 = -c. What is the greatest common factor of w and f?
4
Let v = 73 + -48. Let t = 53 - v. Suppose 5*o - 3*o = 14. What is the highest common divisor of t and o?
7
Suppose 2*t - 3*w - 24 = 0, t = 3*t + 4*w - 10. Suppose -4*a - t + 37 = 0. Suppose 64 = p + a*p. What is the greatest common divisor of 1 and p?
1
Let o = 13 - 0. Suppose 4*a + 4 = 0, 3*j - o = j + 5*a. Let z be (31/j)/((-5)/(-20)*1). Calculate the highest common divisor of 155 and z.
31
Suppose -u + 0*u + 25 = 3*q, -u = q - 15. Let h = 13 - u. Suppose 0 = -r - 2*b - h, 0*b - 12 = -5*r - b. Calculate the greatest common factor of r and 21.
3
Let b be 4/(-18)*(-14535)/19. Calculate the greatest common factor of b and 765.
85
Let j = 3281 + -3190. Calculate the greatest common divisor of 65 and j.
13
Let x(n) = n**3 - 8*n**2 + 2*n - 1. Let c be x(7). Let z be (48 + -3)*c/(-15). Suppose 297*t - 294*t - 81 = 0. What is the highest common divisor of z and t?
27
Suppose -16*u + 1224 = 23*u - 3*u. Calculate the greatest common divisor of u and 323.
17
Let f be (4248/10)/(21 - (-2575)/(-125)). Calculate the highest common divisor of 36 and f.
18
Let a = 117 - 147. Let p be 52 + (45/a)/((-3)/(-4)). What is the greatest common factor of 25 and p?
25
Let a(c) = -c**2 - c. Let v be a(0). Let m(s) = -223 - 2*s**2 + 290 + 83. Let h be m(v). Calculate the greatest common factor of 60 and h.
30
Let z(v) = v**2 + 250*v + 13332. Let s be z(-173). Calculate the greatest common factor of s and 8657.
11
Suppose 7*j - 21 = -7. Let k be 1/((-26)/28 + 3 - j). Calculate the greatest common factor of 140 and k.
14
Suppose 18*m = -3*m + 4126 + 2699. Calculate the greatest common divisor of m and 208.
13
Let g(w) = -131*w - 53. Let l be g(3). Let n = -388 - l. What is the greatest common divisor of n and 493?
29
Let r = 4 + -7. Let l be ((-8)/12 + (-68)/r)/2. Suppose -4*g = g - y - 493, 5*g + 4*y - 503 = 0. What is the greatest common factor of g and l?
11
Let r(v) = -v**3 + 38*v**2 - 86*v - 214. Let s be r(35). Calculate the highest common divisor of s and 287.
41
Let o = -175 + 304. Suppose 2*q - a = o, 0 - 1 = -a. Let n = q - 51. Calculate the greatest common divisor of n and 35.
7
Suppose 634 = b - 4*z, 5*b = -17*z + 20*z + 3238. What is the highest common divisor of b and 39?
13
Suppose -71*r + 38446 + 13412 = 15*r. Let x = 116 + -49. Calculate the highest common divisor of x and r.
67
Let d be 25/(6/10 - (-15)/((-300)/8)). What is the highest common divisor of d and 700?
25
Let u = -3736 - -3926. Suppose -10 = 3*g - 2*q - 34, -q = 3*g - 33. Calculate the highest common divisor of g and u.
10
Suppose -15*y - 97*y = -730912. What is the highest common divisor of 26 and y?
26
Let w(g) = -g**2 + 72*g - 602. Let j be w(60). What is the highest common divisor of 19234 and j?
118
Let j be ((-50)/15)/(4/(-54)) + 3. Let z = -1039 + 1111. What is the highest common factor of z and j?
24
Let t = -1332 + 1456. What is the highest common factor of t and 310?
62
Let v = 2203 - 2189. Calculate the greatest common divisor of 322 and v.
14
Let r = 6590 + -3465. What is the greatest common divisor of 125 and r?
125
Let t(c) = -27*c - 464. Let b be t(-32). What is the greatest common factor of 880 and b?
80
Let x = -1130 - -1226. What is the highest common divisor of x and 18?
6
Let r = 913 - 829. What is the greatest common factor of r and 77?
7
Suppose 3*m + 106*l - 110*l = 460, l = -2*m + 314. What is the greatest common divisor of 676 and m?
52
Suppose -c + 4 + 8 = 0. Suppose 7 = 6*g + 1. Let m be (3/15 + g)/((-3)/(-60)). Calculate the greatest common divisor of m and c.
12
Suppose 0 = c - 271 - 1484. Let k = c - 888. Calculate the highest common factor of 102 and k.
51
Suppose -30*m + 1037 + 1852 - 189 = 0. Calculate the highest common factor of 1035 and m.
45
Let s(t) = -3*t**3 + 33*t**2 - 8*t + 18. Let p be s(11). Let u be p/(-5) + (-1 - 4). What is the greatest common divisor of u and 207?
9
Suppose -433 = 7*a - 4*a - 4*z, 4*z = 16. Let y = a + 172. Suppose -j + 3*j - 22 = 0. What is the highest common factor of j and y?
11
Let q = -26638 + 28229. Calculate the highest common divisor of q and 74.
37
Let g(o) = 4*o**2 - 11*o + 43. Let k be g(7). Suppose -12*t + 342 = -k. Calculate the highest common factor of t and 105.
21
Let s(y) = 30*y - 16. Let n be s(3). Suppose 3*u + 6 = 0, 5*u + n = 2*q - 66. What is the greatest common divisor of q and 52?
13
Let v = 211 - 194. Suppose -v*o = -6*o - 704. Calculate the highest common factor of o and 8.
8
Let b(n) = 155*n - 3130. Let p be b(26). Calculate the highest common factor of p and 576.
36
Let y(r) = 527*r - 338. Let z be y(11). Calculate the highest common divisor of z and 53.
53
Suppose -4*a = -5*o + 28 + 4, -4*a = 3*o. Suppose -124 - 76 = -o*v. Suppose 2*t = d + 6*t + 5, 2*d = 4*t + v. What is the greatest common divisor of 30 and d?
15
Let u(c) = 2*c**3 + 17*c**2 + 4*c + 2656. Let s be u(0). Calculate the greatest common factor of 249 and s.
83
Let q be 135021/21 + 93/217. What is the greatest common factor of q and 10?
10
Let b(t) = t**2 + 20*t + 41. Let c be b(-18). Let h be ((-952)/(-24) + -7)*30/4. What is the highest common factor of c and h?
5
Let t = -1915 - -1957. Let m = 229 - 117. What is the highest common divisor of t and m?
14
Suppose 2*y - 5*u - 703 = 333, 4*y + 3*u = 2124. What is the greatest common factor of y and 99?
33
Let z = 12 + -7. Suppose -2*i - 20 = -2*f, -17 - 21 = 3*i - 5*f. Let q(k) = 6*k + 76. Let c be q(i). Calculate the greatest common divisor of z and c.
5
Suppose -3*a - 2*f + 33647 = 0, -3158*a + f + 22450 = -3156*a. What is the highest common factor of 49 and a?
49
Let l be (14 - -1)*(-24)/(-20). Suppose -123 + l = -3*u. What is the highest common divisor of 21 and u?
7
Let z(u) = 71*u - 8. Let k be z(6). Suppose 80*c + 29 - 6983 = -103*c. Calculate the highest common divisor of c and k.
38
Suppose -235154 = -60*o - 14654. What is the greatest common factor of o and 675?
75
Let y be 136/40 - 6/15. Let c be 20 + 1 + 3 + 0. Suppose y*r = r + c. What is the greatest common divisor of 30 and r?
6
Let m be 7/14*910/13. Let k(x) = -17*x - 48. Let w be k(-9). What is the highest common factor of m and w?
35
Let 